{"id":190,"date":"2025-05-24T16:43:11","date_gmt":"2025-05-24T19:43:11","guid":{"rendered":"https:\/\/web.idepba.com.ar\/tiendaweb\/?post_type=product&#038;p=190"},"modified":"2026-03-15T11:31:07","modified_gmt":"2026-03-15T14:31:07","slug":"notebook-asus-tuf-gaming-a15-156-amd-ryzen-5-16gb-512gb-ss","status":"publish","type":"product","link":"https:\/\/web.idepba.com.ar\/tiendaweb\/producto\/notebook-asus-tuf-gaming-a15-156-amd-ryzen-5-16gb-512gb-ss\/","title":{"rendered":"Notebook Asus Tuf Gaming A15 15,6 Amd Ryzen 5 16gb 512Gb Ss"},"content":{"rendered":"<p>TECLADO EN INGL\u00c9S<br \/>\nEl teclado de esta laptop est\u00e1 en idioma ingl\u00e9s (layout americano) y no incluye la tecla f\u00edsica \u00d1. Se puede configurar permitiendo escribir la letra \u00d1 presionando Alt derecho + N. Las dem\u00e1s teclas, incluidos los acentos, funcionan de manera normal.<\/p>\n<p>COMPATIBILIDAD EL\u00c9CTRICA<br \/>\nLa mayor\u00eda de los productos electr\u00f3nicos incluyen un transformador compatible con 110V, y en algunos casos tambi\u00e9n con 220V. Recomendamos verificar esta informaci\u00f3n en el manual de instrucciones del producto. Adem\u00e1s, es posible que se requiera un adaptador de enchufe espec\u00edfico seg\u00fan el pa\u00eds de destino.<\/p>\n<p>DESCRIPCI\u00d3N DEL PRODUCTO<br \/>\nLa Notebook Asus TUF FA506NCR-WH71 es la elecci\u00f3n perfecta para quienes buscan un rendimiento excepcional en un dise\u00f1o robusto. Equipado con un procesador AMD Ryzen 7 7435HS de 8 n\u00facleos, este dispositivo ofrece una potencia impresionante para tareas exigentes y juegos intensivos. Su tarjeta gr\u00e1fica GeForce RTX 3050 garantiza gr\u00e1ficos fluidos y detallados, ideal para los gamers y creadores de contenido.<\/p>\n<p>Con una pantalla de 15.6 pulgadas y una resoluci\u00f3n de 1920 x 1080, disfrutar\u00e1s de im\u00e1genes n\u00edtidas y vibrantes. La frecuencia de actualizaci\u00f3n de 144 Hz proporciona una experiencia visual suave, perfecta para juegos de ritmo r\u00e1pido. Adem\u00e1s, su memoria RAM de 8 GB y un disco SSD de 512 GB aseguran un rendimiento \u00e1gil y un arranque r\u00e1pido de aplicaciones.<\/p>\n<p>La bater\u00eda de pol\u00edmero de litio ofrece una duraci\u00f3n confiable, permiti\u00e9ndote trabajar o jugar sin interrupciones. Con Windows 11 Home preinstalado, tendr\u00e1s acceso a las \u00faltimas caracter\u00edsticas y mejoras en seguridad. La Asus TUF FA506NCR-WH71 es m\u00e1s que una simple notebook; es una herramienta dise\u00f1ada para llevar tu experiencia digital al siguiente nivel.<\/p>\n","protected":false},"excerpt":{"rendered":"<p>TECLADO EN INGL\u00c9S El teclado de esta laptop est\u00e1 en idioma ingl\u00e9s (layout americano) y no incluye la tecla f\u00edsica \u00d1. Se puede configurar permitiendo escribir la letra \u00d1 presionando Alt derecho + N. Las dem\u00e1s teclas, incluidos los acentos, funcionan de manera normal. COMPATIBILIDAD EL\u00c9CTRICA La mayor\u00eda de los productos electr\u00f3nicos incluyen un transformador compatible con 110V, y en algunos casos tambi\u00e9n con 220V. Recomendamos verificar esta informaci\u00f3n en el manual de instrucciones del producto. Adem\u00e1s, es posible que se requiera un adaptador de enchufe espec\u00edfico seg\u00fan el pa\u00eds de destino. DESCRIPCI\u00d3N DEL PRODUCTO La Notebook Asus TUF FA506NCR-WH71 es la elecci\u00f3n perfecta para quienes buscan un rendimiento excepcional en un dise\u00f1o robusto. Equipado con un procesador AMD Ryzen 7 7435HS de 8 n\u00facleos, este dispositivo ofrece una potencia impresionante para tareas exigentes y juegos intensivos. Su tarjeta gr\u00e1fica GeForce RTX 3050 garantiza gr\u00e1ficos fluidos y detallados, ideal para los gamers y creadores de contenido. Con una pantalla de 15.6 pulgadas y una resoluci\u00f3n de 1920 x 1080, disfrutar\u00e1s de im\u00e1genes n\u00edtidas y vibrantes. La frecuencia de actualizaci\u00f3n de 144 Hz proporciona una experiencia visual suave, perfecta para juegos de ritmo r\u00e1pido. Adem\u00e1s, su memoria RAM de 8 GB y un disco SSD de 512 GB aseguran un rendimiento \u00e1gil y un arranque r\u00e1pido de aplicaciones. La bater\u00eda de pol\u00edmero de litio ofrece una duraci\u00f3n confiable, permiti\u00e9ndote trabajar o jugar sin interrupciones. Con Windows 11 Home preinstalado, tendr\u00e1s acceso a las \u00faltimas caracter\u00edsticas y mejoras en seguridad. La Asus TUF FA506NCR-WH71 es m\u00e1s que una simple notebook; es una herramienta dise\u00f1ada para llevar tu experiencia digital al siguiente nivel.<\/p>\n","protected":false},"featured_media":191,"comment_status":"open","ping_status":"closed","template":"","meta":{"_uag_custom_page_level_css":"","ngg_post_thumbnail":0,"pgc_sgb_lightbox_settings":""},"product_brand":[34],"product_cat":[33],"product_tag":[36,35],"class_list":{"0":"post-190","1":"product","2":"type-product","3":"status-publish","4":"has-post-thumbnail","6":"product_brand-asus","7":"product_cat-notebooks","8":"product_tag-gaming","9":"product_tag-portatil","11":"first","12":"instock","13":"sale","14":"taxable","15":"shipping-taxable","16":"purchasable","17":"product-type-simple"},"uagb_featured_image_src":{"full":["https:\/\/web.idepba.com.ar\/tiendaweb\/wp-content\/uploads\/sites\/6\/2025\/05\/notebook-asus.webp",450,338,false],"thumbnail":["https:\/\/web.idepba.com.ar\/tiendaweb\/wp-content\/uploads\/sites\/6\/2025\/05\/notebook-asus-150x150.webp",150,150,true],"medium":["https:\/\/web.idepba.com.ar\/tiendaweb\/wp-content\/uploads\/sites\/6\/2025\/05\/notebook-asus-300x225.webp",300,225,true],"medium_large":["https:\/\/web.idepba.com.ar\/tiendaweb\/wp-content\/uploads\/sites\/6\/2025\/05\/notebook-asus.webp",450,338,false],"large":["https:\/\/web.idepba.com.ar\/tiendaweb\/wp-content\/uploads\/sites\/6\/2025\/05\/notebook-asus.webp",450,338,false],"RoboGalleryMansoryImagesCenter":["https:\/\/web.idepba.com.ar\/tiendaweb\/wp-content\/uploads\/sites\/6\/2025\/05\/notebook-asus.webp",450,338,false],"RoboGalleryPreload":["https:\/\/web.idepba.com.ar\/tiendaweb\/wp-content\/uploads\/sites\/6\/2025\/05\/notebook-asus.webp",100,75,false],"1536x1536":["https:\/\/web.idepba.com.ar\/tiendaweb\/wp-content\/uploads\/sites\/6\/2025\/05\/notebook-asus.webp",450,338,false],"2048x2048":["https:\/\/web.idepba.com.ar\/tiendaweb\/wp-content\/uploads\/sites\/6\/2025\/05\/notebook-asus.webp",450,338,false],"depicter-thumbnail":["https:\/\/web.idepba.com.ar\/tiendaweb\/wp-content\/uploads\/sites\/6\/2025\/05\/notebook-asus-200x150.webp",200,150,true],"woocommerce_archive_thumbnail":["https:\/\/web.idepba.com.ar\/tiendaweb\/wp-content\/uploads\/sites\/6\/2025\/05\/notebook-asus-300x225.webp",300,225,true],"woocommerce_thumbnail":["https:\/\/web.idepba.com.ar\/tiendaweb\/wp-content\/uploads\/sites\/6\/2025\/05\/notebook-asus-300x300.webp",300,300,true],"woocommerce_single":["https:\/\/web.idepba.com.ar\/tiendaweb\/wp-content\/uploads\/sites\/6\/2025\/05\/notebook-asus.webp",450,338,false],"woocommerce_gallery_thumbnail":["https:\/\/web.idepba.com.ar\/tiendaweb\/wp-content\/uploads\/sites\/6\/2025\/05\/notebook-asus-100x100.webp",100,100,true],"variation_swatches_image_size":["https:\/\/web.idepba.com.ar\/tiendaweb\/wp-content\/uploads\/sites\/6\/2025\/05\/notebook-asus-50x50.webp",50,50,true],"variation_swatches_tooltip_size":["https:\/\/web.idepba.com.ar\/tiendaweb\/wp-content\/uploads\/sites\/6\/2025\/05\/notebook-asus-100x100.webp",100,100,true]},"uagb_author_info":{"display_name":"ivan","author_link":"https:\/\/web.idepba.com.ar\/tiendaweb\/author\/"},"uagb_comment_info":0,"uagb_excerpt":"TECLADO EN INGL\u00c9S El teclado de esta laptop est\u00e1 en idioma ingl\u00e9s (layout americano) y no incluye la tecla f\u00edsica \u00d1. Se puede configurar permitiendo escribir la letra \u00d1 presionando Alt derecho + N. Las dem\u00e1s teclas, incluidos los acentos, funcionan de manera normal. COMPATIBILIDAD EL\u00c9CTRICA La mayor\u00eda de los productos electr\u00f3nicos incluyen un transformador&hellip;","_links":{"self":[{"href":"https:\/\/web.idepba.com.ar\/tiendaweb\/wp-json\/wp\/v2\/product\/190","targetHints":{"allow":["GET"]}}],"collection":[{"href":"https:\/\/web.idepba.com.ar\/tiendaweb\/wp-json\/wp\/v2\/product"}],"about":[{"href":"https:\/\/web.idepba.com.ar\/tiendaweb\/wp-json\/wp\/v2\/types\/product"}],"replies":[{"embeddable":true,"href":"https:\/\/web.idepba.com.ar\/tiendaweb\/wp-json\/wp\/v2\/comments?post=190"}],"wp:featuredmedia":[{"embeddable":true,"href":"https:\/\/web.idepba.com.ar\/tiendaweb\/wp-json\/wp\/v2\/media\/191"}],"wp:attachment":[{"href":"https:\/\/web.idepba.com.ar\/tiendaweb\/wp-json\/wp\/v2\/media?parent=190"}],"wp:term":[{"taxonomy":"product_brand","embeddable":true,"href":"https:\/\/web.idepba.com.ar\/tiendaweb\/wp-json\/wp\/v2\/product_brand?post=190"},{"taxonomy":"product_cat","embeddable":true,"href":"https:\/\/web.idepba.com.ar\/tiendaweb\/wp-json\/wp\/v2\/product_cat?post=190"},{"taxonomy":"product_tag","embeddable":true,"href":"https:\/\/web.idepba.com.ar\/tiendaweb\/wp-json\/wp\/v2\/product_tag?post=190"}],"curies":[{"name":"wp","href":"https:\/\/api.w.org\/{rel}","templated":true}]}}